-15) + 0) - -8 - -44
41
(8 + -90 - -77) + 2 + 2 + 0
-1
Calculate -32 + -61 + 9 + 67.
-17
What is 10 + -3 + (8 - (10 - 7)) + 70?
82
What is the value of -44 + 3 - (112 + -161)?
8
-3 + -1 + (-13 - (-17 - -24 - -12))
-36
What is the value of 73 - (104 + 11) - -146?
104
What is (0 - (35 - 28)) + -1 + 0 + 89?
81
What is the value of 599 - 594 - (-3 + (-2 + -3 + 5 - -7))?
1
Calculate -42 - (140 - 85) - (-3 + 6 - 9).
-91
What is (-2 - -10) + (11 - 3 - 1) + 4?
19
What is -26 + 15 + 4 + -64 + 24?
-47
Evaluate -2 + 13 - ((-50 - -59) + (-1 - 3) + 4).
2
What is the value of (21 - (43 - 18)) + 7?
3
(-7 - (-7 - -4)) + (-3 - (-19 - -19)) - -83
76
Calculate 1 + (13 + -31 - 3 - -67).
47
Evaluate -88 + -24 + (19 - (6 + 4 + (-11 - -8))).
-100
(-16 + 30 - 22) + 2 + 2 + (76 - 8)
64
Evaluate -51 - 10 - (71 - 168).
36
Calculate -77 + (54 - 56 - -150).
71
What is the value of 12775 + -12791 + (1 - (-1 + 0)) + -14?
-28
What is the value of 3 + (8 - (16 + 2 + -12 - 71))?
76
4 + 1 + (27 + (-26 - -8) - 23)
-9
What is the value of (8 - -2 - -11) + 15 + -31 + 54?
59
104 + 5 + -117 + 5 + -41
-44
What is (-49 - (32 + -17 + -28)) + 3 + -19?
-52
What is the value of (-9 - (2 + -1 - 2)) + -139 + 68 + 74?
-5
What is the value of 48 - 147 - -86 - 72?
-85
What is 120 - (8 + -39 + 48)?
103
Evaluate 33 + -119 - -70 - ((8 - (4 - 1)) + 9).
-30
Evaluate -200 - (49 + -280) - (-1 + -1).
33
What is the value of 39 + 0 + 1 + (-204 - (-426 - -214))?
48
What is 75 - 6 - (2 + (25 - 10))?
52
Evaluate 13 - -20 - -15 - 25.
23
Calculate (1 - (-1 - (44 + -1))) + (126 - 238 - -120).
53
What is the value of 6 + -12 + 6 + (1 - (32 + -77))?
46
What is the value of 4707 + -4731 + 5 + (-1 - -1) + -1?
-20
Evaluate 2 - 7 - (-2 + (0 - -40)) - -1.
-42
Calculate 6 + 2 + -48 - -8.
-32
What is (-24 - (-60 + -12)) + -31?
17
What is the value of (27 - (-25 - (-5 + -82))) + -13?
-48
5 + -4 + -1 + -2 - (-843 + 891)
-50
What is 171 - 120 - (4 + -3)?
50
Evaluate (24 - 2) + (11 - (-18 + 44 + -3)).
10
(48 - -89 - 128) + 49
58
Evaluate 133 + -67 + -55 - 37.
-26
What is -219 + 237 - (26 - 23)?
15
23 + (30 - 0) + (-2081 - -2128)
100
(178 - 175) + (62 - 2) - 4
59
What is (1 - 2) + 10 + -1675 + 1710 + (-29 - 0)?
15
-1 - -19 - (28 - (7 - -14 - -16)) - 1
26
Evaluate -31 + (-30 - -28) + 17 + 16.
0
What is the value of 75 + (25 + 3 + -46 - 3)?
54
Calculate 27 - (-2 + 16 - 32) - (14 + 0).
31
Calculate -95 + 1 + 37 - -82.
25
Calculate -34 + -27 + 81 - (6 + 0 + -1).
15
Calculate 4 + -11 + 18 - (26 + 12 + -7 + 5).
-25
Calculate -14 + (-83 - -32) + 23 + 22.
-20
What is the value of -6 + -13 + 29 + (-14 - -9)?
5
Calculate -97 - (78 - (-5 + 137)).
-43
(20 - 56) + 10 + (31 - -1)
6
Evaluate (-2 - (1 - -19)) + 20 + -40.
-42
Calculate 147 + -123 + (8 - 15 - 43).
-26
(-13 - ((11 - 22) + 27)) + -9 + -2
-40
What is -11 + (29 - 58) + 43 + -22 + 0?
-19
Calculate (7 + 3 + -20 - (-11 + 0)) + 6 + 5.
12
What is -25 + 32 + (-132 - -104)?
-21
Calculate 1 - (5 - 4) - -7 - (13 + -52 + 15).
31
What is the value of (39 - (-38 - -39)) + -44?
-6
What is (-1838 - -1853) + 123 + 6?
144
(-47 - (11 + -16)) + 33
-9
Calculate (5878 - 5877) + (-1 - -2 - 30).
-28
(220 + -213 - (2 - 2 - -56)) + 11
-38
Evaluate -76 - -20 - ((-6 - -1) + -3).
-48
Evaluate 9 - (-35 + (0 + 6 + -23 - (-6 - 1))).
54
Evaluate (2 + 51 - 0) + -6914 + 6911.
50
Calculate 1379 - 1370 - (-4 + 35).
-22
What is the value of 57 + (-8 - (-7 + -1 + -189 + 190))?
56
What is (-6 - -10) + -5 + (0 - -2) + 51 + 5?
57
-212 + 264 + (2 + -16 - -4)
42
Evaluate (-78 - (-99 + 26)) + 28.
23
Calculate (-1 - 2) + 23 - ((-59 - -46) + 27).
6
-49 - ((-7 - -5) + 1 + 14) - 9
-71
Evaluate -55 - -70 - 38 - (-46 - (1 + 2)).
26
Calculate (-4 - (2 - 6)) + 1 + (95 - 104) + 35.
27
What is the value of (4 - (6 - (-2 + 5)) - 2) + -34 + 93?
58
What is (-40384 - -40327) + -2 + 0 + -2 + 4 + 1?
-56
What is the value of 71 - 179 - -79 - -75?
46
What is (0 - -1) + 1 + (-16 - -6) + -3 + 11?
0
What is 29 + (-19 - -6 - 9) - -15?
22
-3 - 60 - (17 - (30 + -7))
-57
-87 - -21 - (3 - 1) - -21
-47
Calculate (17 - 12) + (427 - 464).
-32
Evaluate 76 + (31 - 84) + 47.
70
Calculate (-3 - (-6 + (16 - (-76 - -17)))) + (-2 - -5).
-69
-16 - (-77 + 40 - -29) - (-21 + 0)
13
What is the value of 44 - (42 + -49 + 40)?
11
What is (-893 + 906 - (0 + 9 + 1)) + 0 + 2?
5
What is the value of (58 + -78 - -46) + -78?
-52
What is (-4 + -1 - (5 + -45)) + (-367 - -369)?
37
40 + (-9 - ((30 - 17) + 20))
-2
Evaluate (-6 - -4 - 9) + 3 - (-7 + (-3 - -26)).
-24
Evaluate -94 - (-42 - 64 - -98).
-86
9 + (3 - 18) + -5 + 16
5
-34 + (94 - (-25 - 13)) + -42
56
-18 - 1 - (274 - 257)
-36
1127 + -1123 + (-1 - 72) - 26
-95
What is the value of (-8 + -6 - -13 - 34) + -16?
-51
What is the value of 61 + (-57 - (-88 + 13))?
79
Evaluate 0 + 1 - (-1565 - -1584).
-18
What is 2 + 70 - (1 + 95 - 95)?
71
(-4 - (8 - 1 - -5)) + -17
-33
What is the value of 14 + 1 + (-470 - -445) + 10 - 115?
-115
36 - 0 - (-9 + -11 + 29 + -6) - 4
29
-1 + (-72 - -15) - 21
-79
Calculate -19 - (-37 - -25) - 24.
-31
Evaluate (20 - (69 + -35 - 32)) + -1 + -116.
-99
Evaluate (-54 - 5) + -1074 + 1150.
17
What is 18 + 18 + (45 - 117) + (17 - 0)?
-19
Calculate (3 - -24 - 97 - (-4 - -6 - 9)) + 3.
-60
What is (507 - 493) + -1 + 10 + 28?
51
(2 + -8 - (-157 + 154 - (3 - -1))) + 14
15
What is the value of (2 + 6 - 1) + 13 + -58 + 55?
17
Calculate 40 - (90 + -40) - -18.
8
What is the value of (-2 - -2 - -15) + (-75 - 25) + 55?
-30
Evaluate (-1 - -6) + (29 - 22) - 1 - 82.
-71
What is -27 + 1 + 15 + -5 + -9 + -10?
-35
(18 - 21) + ((3 - 0) + 5 - 0) + 9
14
(-137 - -159) + (1 - 3) + 24
44
What is -62 + (1 - (-3 - (7 + 7)))?
-44
Calculate -171 + (-25 - (6 - 102)).
-100
What is the value of (-24 - -38 - 58) + 95?
51
What is -97 + (6 - 35 - ((-7 - 33) + 23))?
-109
Calculate -6 + -55 - (-162 + 65).
36
Evaluate -43 + -15 + -39 + 71.
-26
What is -19 + 20 - (9 - (0 + -1 + 3)) - -1?
-5
Calculate ((-105 - 23) + 29 - -1) + 29.
-69
What is -5 + 6 - -1 - ((14 - 26) + -4 + 12)?
6
What is the value of -35 - (1 + 7 + -1 - 8)?
-34
What is the value of -14 - (33 - (0 + -9 + -7 - -10))?
-53
Calculate ((10 - 46) + 10 + 2 - 0) + -7.
-31
What is the value of -13 + 8 + 4 - 50 - -8 - (-2 + 10)?
-51
What is 11 + (-28 - (9 + (2 - 13 - -3) + -7))?
-11
What is -54 + 29 + -11 + 99?
63
Calculate 71 + -89 + (71 - 26).
27
Evaluate (-7 - (-39 - -20 - -12)) + (22 - -59).
81
What is the value of -33 + (442 + -445 - ((-14 - (-6 + 3)) + -2))?
-23
What is -32 + (-12 - -15) - (9 + -1 + 2)?
-39
Calculate -81 - ((28 - (6 - 2)) + -29).
-76
Calculate (59 - 48 - (-2 - -24)) + 49.
38
What is -34 + (1 - 0) + (-230 - (49 - 259))?
-53
Calculate 29 + 15 + -55 + -13 + -1 - 11.
-36
What is the value of 132 - (-119 - -296) - (-3 - 31)?
-11
Calculate 20 + -14 + (-9 - (0 + (-2 - (8 - 3)))).
4
63 + -110 + (46 - 3)
-4
-110 + 2 + -5 + -1 + 518 + -514 + 10
-100
Calculate 36 + -196 - ((75 - 27) + -51).
-157
What is -19 + (41 - 4) + -13 - 25?
-20
-67 + -9 + (9 + -5 + 5 - (-2 + 1))
-66
(-48 + -93 - -117) + 1 + -4 + (11 - 7)
-23
What is 31 + (-5 - (10 - 10 - -9 - 9) - -9)?
35
Calculate -45 + -1 + 66 - -60.
80
Calculate -161 + (5 - (0 + -78)).
-78
Calculate -10 - (17 - (-4 - (15 + -20))).
-26
What is ((-4 - (-4 + -5)) + -5 - -1) + (-103 - -54)?
-48
(-30 - (-1 + -23)) + 65 - 35
24
Calculate (-72 - -52 - 7) + -2.
-29
What is (-47 + 77 - 47) + 96?
79
Calculate 54 + (-17 - -3) + 5 - (-15 - -5 - -4).
51
-2 - (-108 - (-46 + -15))
45
Evaluate -7 - (-1 - (6 + -1)) - (-8 + 27 + 10).
-30
Calculate (8 + 16 + 8 - 10) + 3 + -12.
13
Evaluate -3 - (10 + (10 - (8 + 13)) - 52).
50
What is the value of 2 - (-40 + (40 - 19))?
21
What is the value of -2 + -15 + (27 - 4 - (335 + -252))?
-77
What is the value of 9 + 25 + (43 - 35) + 0 + -9?
33
Evaluate 13 + -1 + (-53 - 15 - -86).
30
Evaluate ((6 - -3) + -6 - 14) + (6 - (8 + -60)).
47
What is the value of -10 - (47 + (-10 - -6) + (-8 - -24 - 7))?
-62
-100 - -148 - (-12 + 109)
-49
Evaluate -30 + 28 + -11 + (-9 - -7).
-15
Evaluate -21 + 11 - -30 - -14.
34
Calculate 12 - 34 - (39 + -75) - (144 - 2).
-128
What is -5 + (25 - 39) + (28 - 2)?
7
(-97 - 18) + 103 - (-73 - 2)
63
(33 - 17) + (-6 - 18) + (-4 - -1) + 0
-11
Calculate 84 + (-32 - (126 - 96)).
22
What is (-8 + 83 - 60) + 73?
88
Calculate -27 - -125 - 69 - (-2 + -12).
43
What is (-22 - 72 - -119) + 4 + -1